{"id":23,"date":"2025-06-25T13:52:43","date_gmt":"2025-06-25T13:52:43","guid":{"rendered":"https:\/\/stichtingfriendsathome.nl\/wordpress\/?page_id=23"},"modified":"2025-06-30T13:56:52","modified_gmt":"2025-06-30T13:56:52","slug":"onze-doelstelling","status":"publish","type":"page","link":"https:\/\/stichtingfriendsathome.nl\/wordpress\/index.php\/onze-doelstelling\/","title":{"rendered":"Onze doelstelling"},"content":{"rendered":"<nav class=\"is-responsive wp-block-navigation is-layout-flex wp-block-navigation-is-layout-flex\" aria-label=\"Navigation\" \n\t\t data-wp-interactive=\"core\/navigation\" data-wp-context='{\"overlayOpenedBy\":{\"click\":false,\"hover\":false,\"focus\":false},\"type\":\"overlay\",\"roleAttribute\":\"\",\"ariaLabel\":\"Menu\"}'><button aria-haspopup=\"dialog\" aria-label=\"Menu openen\" class=\"wp-block-navigation__responsive-container-open\" \n\t\t\t\tdata-wp-on--click=\"actions.openMenuOnClick\"\n\t\t\t\tdata-wp-on--keydown=\"actions.handleMenuKeydown\"\n\t\t\t><svg width=\"24\" height=\"24\" xmlns=\"http:\/\/www.w3.org\/2000\/svg\" viewBox=\"0 0 24 24\" aria-hidden=\"true\" focusable=\"false\"><path d=\"M4 7.5h16v1.5H4z\"><\/path><path d=\"M4 15h16v1.5H4z\"><\/path><\/svg><\/button>\n\t\t\t\t<div class=\"wp-block-navigation__responsive-container\"  id=\"modal-1\" \n\t\t\t\tdata-wp-class--has-modal-open=\"state.isMenuOpen\"\n\t\t\t\tdata-wp-class--is-menu-open=\"state.isMenuOpen\"\n\t\t\t\tdata-wp-watch=\"callbacks.initMenu\"\n\t\t\t\tdata-wp-on--keydown=\"actions.handleMenuKeydown\"\n\t\t\t\tdata-wp-on--focusout=\"actions.handleMenuFocusout\"\n\t\t\t\ttabindex=\"-1\"\n\t\t\t>\n\t\t\t\t\t<div class=\"wp-block-navigation__responsive-close\" tabindex=\"-1\">\n\t\t\t\t\t\t<div class=\"wp-block-navigation__responsive-dialog\" \n\t\t\t\tdata-wp-bind--aria-modal=\"state.ariaModal\"\n\t\t\t\tdata-wp-bind--aria-label=\"state.ariaLabel\"\n\t\t\t\tdata-wp-bind--role=\"state.roleAttribute\"\n\t\t\t>\n\t\t\t\t\t\t\t<button aria-label=\"Menu sluiten\" class=\"wp-block-navigation__responsive-container-close\" \n\t\t\t\tdata-wp-on--click=\"actions.closeMenuOnClick\"\n\t\t\t><svg xmlns=\"http:\/\/www.w3.org\/2000\/svg\" viewBox=\"0 0 24 24\" width=\"24\" height=\"24\" aria-hidden=\"true\" focusable=\"false\"><path d=\"m13.06 12 6.47-6.47-1.06-1.06L12 10.94 5.53 4.47 4.47 5.53 10.94 12l-6.47 6.47 1.06 1.06L12 13.06l6.47 6.47 1.06-1.06L13.06 12Z\"><\/path><\/svg><\/button>\n\t\t\t\t\t\t\t<div class=\"wp-block-navigation__responsive-container-content\" \n\t\t\t\tdata-wp-watch=\"callbacks.focusFirstElement\"\n\t\t\t id=\"modal-1-content\">\n\t\t\t\t\t\t\t\t<ul class=\"wp-block-navigation__container is-responsive wp-block-navigation\"><li class=\" wp-block-navigation-item wp-block-navigation-link\"><a class=\"wp-block-navigation-item__content\"  href=\"https:\/\/stichtingfriendsathome.nl\/wordpress\/index.php\/bestuur-en-activiteiten\/\"><span class=\"wp-block-navigation-item__label\">Bestuur en activiteiten<\/span><\/a><\/li><li class=\" wp-block-navigation-item wp-block-navigation-link\"><a class=\"wp-block-navigation-item__content\"  href=\"https:\/\/stichtingfriendsathome.nl\/wordpress\/index.php\/contact\/\"><span class=\"wp-block-navigation-item__label\">Contact<\/span><\/a><\/li><li class=\" wp-block-navigation-item wp-block-navigation-link\"><a class=\"wp-block-navigation-item__content\"  href=\"https:\/\/stichtingfriendsathome.nl\/wordpress\/index.php\/onze-doelstelling\/\"><span class=\"wp-block-navigation-item__label\">Onze doelstelling<\/span><\/a><\/li><li class=\" wp-block-navigation-item wp-block-navigation-link\"><a class=\"wp-block-navigation-item__content\"  href=\"https:\/\/stichtingfriendsathome.nl\/wordpress\/index.php\/privacy-policy\/\"><span class=\"wp-block-navigation-item__label\">Privacy Policy<\/span><\/a><\/li><li class=\" wp-block-navigation-item wp-block-navigation-link\"><a class=\"wp-block-navigation-item__content\"  href=\"https:\/\/stichtingfriendsathome.nl\/wordpress\/\"><span class=\"wp-block-navigation-item__label\">Wie zijn wij<\/span><\/a><\/li><li class=\" wp-block-navigation-item wp-block-navigation-link\"><a class=\"wp-block-navigation-item__content\"  href=\"https:\/\/stichtingfriendsathome.nl\/wordpress\/index.php\/sponsors\/\"><span class=\"wp-block-navigation-item__label\">Sponsors<\/span><\/a><\/li><\/ul>\n\t\t\t\t\t\t\t<\/div>\n\t\t\t\t\t\t<\/div>\n\t\t\t\t\t<\/div>\n\t\t\t\t<\/div><\/nav>\n\n\n<p>Iedereen wil er toe doen, zinvol zijn en heeft recht op aandacht. Persoonlijke aandacht waardoor je lekker in je vel zit, plezier in het leven hebt en waardoor je persoonlijke vaardigheden verder kunt ontwikkelen. Wij van Friends At home zijn er voor jongeren tussen de 16-25 jaar met een geestelijke en\/of verstandelijke beperking en willen dat elke jongere die bij ons komt zich thuis voelt<\/p>\n\n\n\n<p>We bieden zinvolle recreatieve, sportieve, spel en educatieve activiteiten. Deze zijn gericht op het stimuleren, behouden en\/of het ontwikkelen van (bestaande en nieuwe) vaardigheden en begripsvermogen van de jongeren. Hierbij kijken we naar wat de jongere kan, wil en welke ondersteuning voor hem of haar gevraagd wordt. De jongere is gebaat bij zorg op maat<\/p>\n\n\n\n<blockquote class=\"wp-block-quote is-layout-flow wp-block-quote-is-layout-flow\">\n<p>We zijn er ook voor de ouders en\/of begeleiders van deze jongeren. Als ouder\/begeleider kunt u bij ons terecht voor de opvang van \u00e9n met uw kind, voor advies en begeleiding met het zorg op maat traject en het financi\u00eble proces hierin. Een adviseur zorgbemiddelaar staat voor u klaar om u te helpen met bijvoorbeeld uw WMO-aanvraag. Uiteraard met waarborging van de privacy conform de geldende wettelijke regels.&nbsp;<\/p>\n<\/blockquote>\n\n\n\n<p>De focus bij Friends at Home ligt op het individu. Iedere jongere krijgt zorg en begeleiding op maat. Al is iedereen verschillend, ieder mens heeft wensen en behoeften: liefde, aandacht en veiligheid nodig. Daarom stellen wij deze groep heel zorgvuldig samen<\/p>\n\n\n\n<ul class=\"wp-block-list\">\n<li>Ouders van jongeren met een verstandelijke beperking<\/li>\n\n\n\n<li>Zorgverleners (via andere organisaties, ambulante begeleiders)<\/li>\n\n\n\n<li>Mentoren, curatorschap, PGB zorgaanbieders<\/li>\n\n\n\n<li>ZMLK scholen (uitstroom na 16 en\/of 18 jaar)<\/li>\n<\/ul>\n\n\n\n<p>Het is lastig een fijne en veilige samenwerking te vinden, waar je zorgintensieve kind centraal staat, er toe doet, waar ze voldoende aandacht op maat krijgt. Wij vinden het van belang dat door onze professionals wordt aangesloten op hun mogelijkheden en onmogelijkheden. Gezonde voeding, dagelijks bewegen en extra zintuiglijke stimulans zijn belangrijke standaarden in onze visie<\/p>\n\n\n\n<blockquote class=\"wp-block-quote is-layout-flow wp-block-quote-is-layout-flow\">\n<p>Friends At Home werkt graag samen met organisaties en instellingen voor deze doelgroep.<\/p>\n<\/blockquote>\n\n\n\n<p>Is uw organisatie of instelling op zoek naar middelen, opvang of begeleiding voor \u00e9\u00e9n van de eigen cli\u00ebnten? Dan staan we daar voor open en kijken we graag samen naar de mogelijkheden.. Wij houden rekening met ieders eigenheid en behoefte. We bieden een veelheid aan activiteiten die aansluiten bij onze jongeren en een fijne balans bieden tussen plezier en stimulatie<\/p>\n\n\n\n<p><\/p>\n","protected":false},"excerpt":{"rendered":"<p>Iedereen wil er toe doen, zinvol zijn en heeft recht op aandacht. Persoonlijke aandacht waardoor je lekker in je vel zit, plezier in het leven hebt en waardoor je persoonlijke vaardigheden verder kunt ontwikkelen. Wij van Friends At home zijn er voor jongeren tussen de 16-25 jaar met een geestelijke en\/of verstandelijke beperking en willen [&hellip;]<\/p>\n","protected":false},"author":1,"featured_media":0,"parent":0,"menu_order":0,"comment_status":"closed","ping_status":"closed","template":"","meta":{"footnotes":""},"class_list":["post-23","page","type-page","status-publish","hentry"],"yoast_head":"<!-- This site is optimized with the Yoast SEO plugin v25.3.1 - https:\/\/yoast.com\/wordpress\/plugins\/seo\/ -->\n<title>Onze doelstelling - Stichting Friends at Home<\/title>\n<meta name=\"robots\" content=\"index, follow, max-snippet:-1, max-image-preview:large, max-video-preview:-1\" \/>\n<link rel=\"canonical\" href=\"https:\/\/stichtingfriendsathome.nl\/wordpress\/index.php\/onze-doelstelling\/\" \/>\n<meta property=\"og:locale\" content=\"nl_NL\" \/>\n<meta property=\"og:type\" content=\"article\" \/>\n<meta property=\"og:title\" content=\"Onze doelstelling - Stichting Friends at Home\" \/>\n<meta property=\"og:description\" content=\"Iedereen wil er toe doen, zinvol zijn en heeft recht op aandacht. Persoonlijke aandacht waardoor je lekker in je vel zit, plezier in het leven hebt en waardoor je persoonlijke vaardigheden verder kunt ontwikkelen. Wij van Friends At home zijn er voor jongeren tussen de 16-25 jaar met een geestelijke en\/of verstandelijke beperking en willen [&hellip;]\" \/>\n<meta property=\"og:url\" content=\"https:\/\/stichtingfriendsathome.nl\/wordpress\/index.php\/onze-doelstelling\/\" \/>\n<meta property=\"og:site_name\" content=\"Stichting Friends at Home\" \/>\n<meta property=\"article:modified_time\" content=\"2025-06-30T13:56:52+00:00\" \/>\n<meta name=\"twitter:card\" content=\"summary_large_image\" \/>\n<meta name=\"twitter:label1\" content=\"Geschatte leestijd\" \/>\n\t<meta name=\"twitter:data1\" content=\"2 minuten\" \/>\n<script type=\"application\/ld+json\" class=\"yoast-schema-graph\">{\"@context\":\"https:\/\/schema.org\",\"@graph\":[{\"@type\":\"WebPage\",\"@id\":\"https:\/\/stichtingfriendsathome.nl\/wordpress\/index.php\/onze-doelstelling\/\",\"url\":\"https:\/\/stichtingfriendsathome.nl\/wordpress\/index.php\/onze-doelstelling\/\",\"name\":\"Onze doelstelling - Stichting Friends at Home\",\"isPartOf\":{\"@id\":\"https:\/\/stichtingfriendsathome.nl\/wordpress\/#website\"},\"datePublished\":\"2025-06-25T13:52:43+00:00\",\"dateModified\":\"2025-06-30T13:56:52+00:00\",\"breadcrumb\":{\"@id\":\"https:\/\/stichtingfriendsathome.nl\/wordpress\/index.php\/onze-doelstelling\/#breadcrumb\"},\"inLanguage\":\"nl-NL\",\"potentialAction\":[{\"@type\":\"ReadAction\",\"target\":[\"https:\/\/stichtingfriendsathome.nl\/wordpress\/index.php\/onze-doelstelling\/\"]}]},{\"@type\":\"BreadcrumbList\",\"@id\":\"https:\/\/stichtingfriendsathome.nl\/wordpress\/index.php\/onze-doelstelling\/#breadcrumb\",\"itemListElement\":[{\"@type\":\"ListItem\",\"position\":1,\"name\":\"Home\",\"item\":\"https:\/\/stichtingfriendsathome.nl\/wordpress\/\"},{\"@type\":\"ListItem\",\"position\":2,\"name\":\"Onze doelstelling\"}]},{\"@type\":\"WebSite\",\"@id\":\"https:\/\/stichtingfriendsathome.nl\/wordpress\/#website\",\"url\":\"https:\/\/stichtingfriendsathome.nl\/wordpress\/\",\"name\":\"Stichting Friends at Home\",\"description\":\"\",\"potentialAction\":[{\"@type\":\"SearchAction\",\"target\":{\"@type\":\"EntryPoint\",\"urlTemplate\":\"https:\/\/stichtingfriendsathome.nl\/wordpress\/?s={search_term_string}\"},\"query-input\":{\"@type\":\"PropertyValueSpecification\",\"valueRequired\":true,\"valueName\":\"search_term_string\"}}],\"inLanguage\":\"nl-NL\"}]}<\/script>\n<!-- \/ Yoast SEO plugin. -->","yoast_head_json":{"title":"Onze doelstelling - Stichting Friends at Home","robots":{"index":"index","follow":"follow","max-snippet":"max-snippet:-1","max-image-preview":"max-image-preview:large","max-video-preview":"max-video-preview:-1"},"canonical":"https:\/\/stichtingfriendsathome.nl\/wordpress\/index.php\/onze-doelstelling\/","og_locale":"nl_NL","og_type":"article","og_title":"Onze doelstelling - Stichting Friends at Home","og_description":"Iedereen wil er toe doen, zinvol zijn en heeft recht op aandacht. Persoonlijke aandacht waardoor je lekker in je vel zit, plezier in het leven hebt en waardoor je persoonlijke vaardigheden verder kunt ontwikkelen. Wij van Friends At home zijn er voor jongeren tussen de 16-25 jaar met een geestelijke en\/of verstandelijke beperking en willen [&hellip;]","og_url":"https:\/\/stichtingfriendsathome.nl\/wordpress\/index.php\/onze-doelstelling\/","og_site_name":"Stichting Friends at Home","article_modified_time":"2025-06-30T13:56:52+00:00","twitter_card":"summary_large_image","twitter_misc":{"Geschatte leestijd":"2 minuten"},"schema":{"@context":"https:\/\/schema.org","@graph":[{"@type":"WebPage","@id":"https:\/\/stichtingfriendsathome.nl\/wordpress\/index.php\/onze-doelstelling\/","url":"https:\/\/stichtingfriendsathome.nl\/wordpress\/index.php\/onze-doelstelling\/","name":"Onze doelstelling - Stichting Friends at Home","isPartOf":{"@id":"https:\/\/stichtingfriendsathome.nl\/wordpress\/#website"},"datePublished":"2025-06-25T13:52:43+00:00","dateModified":"2025-06-30T13:56:52+00:00","breadcrumb":{"@id":"https:\/\/stichtingfriendsathome.nl\/wordpress\/index.php\/onze-doelstelling\/#breadcrumb"},"inLanguage":"nl-NL","potentialAction":[{"@type":"ReadAction","target":["https:\/\/stichtingfriendsathome.nl\/wordpress\/index.php\/onze-doelstelling\/"]}]},{"@type":"BreadcrumbList","@id":"https:\/\/stichtingfriendsathome.nl\/wordpress\/index.php\/onze-doelstelling\/#breadcrumb","itemListElement":[{"@type":"ListItem","position":1,"name":"Home","item":"https:\/\/stichtingfriendsathome.nl\/wordpress\/"},{"@type":"ListItem","position":2,"name":"Onze doelstelling"}]},{"@type":"WebSite","@id":"https:\/\/stichtingfriendsathome.nl\/wordpress\/#website","url":"https:\/\/stichtingfriendsathome.nl\/wordpress\/","name":"Stichting Friends at Home","description":"","potentialAction":[{"@type":"SearchAction","target":{"@type":"EntryPoint","urlTemplate":"https:\/\/stichtingfriendsathome.nl\/wordpress\/?s={search_term_string}"},"query-input":{"@type":"PropertyValueSpecification","valueRequired":true,"valueName":"search_term_string"}}],"inLanguage":"nl-NL"}]}},"_links":{"self":[{"href":"https:\/\/stichtingfriendsathome.nl\/wordpress\/index.php\/wp-json\/wp\/v2\/pages\/23","targetHints":{"allow":["GET"]}}],"collection":[{"href":"https:\/\/stichtingfriendsathome.nl\/wordpress\/index.php\/wp-json\/wp\/v2\/pages"}],"about":[{"href":"https:\/\/stichtingfriendsathome.nl\/wordpress\/index.php\/wp-json\/wp\/v2\/types\/page"}],"author":[{"embeddable":true,"href":"https:\/\/stichtingfriendsathome.nl\/wordpress\/index.php\/wp-json\/wp\/v2\/users\/1"}],"replies":[{"embeddable":true,"href":"https:\/\/stichtingfriendsathome.nl\/wordpress\/index.php\/wp-json\/wp\/v2\/comments?post=23"}],"version-history":[{"count":2,"href":"https:\/\/stichtingfriendsathome.nl\/wordpress\/index.php\/wp-json\/wp\/v2\/pages\/23\/revisions"}],"predecessor-version":[{"id":47,"href":"https:\/\/stichtingfriendsathome.nl\/wordpress\/index.php\/wp-json\/wp\/v2\/pages\/23\/revisions\/47"}],"wp:attachment":[{"href":"https:\/\/stichtingfriendsathome.nl\/wordpress\/index.php\/wp-json\/wp\/v2\/media?parent=23"}],"curies":[{"name":"wp","href":"https:\/\/api.w.org\/{rel}","templated":true}]}}